 + 2*f = -14. Let u be (a/(-4))/((-11)/(-132)). Calculate the highest common divisor of u and 48.
6
Let m(o) = o**3 + 14*o**2 - o - 18. Let l be m(-14). Let k(t) = t**2. Let i be k(l). Calculate the highest common factor of i and 40.
8
Let r(y) = -3*y**2 - 3*y. Let m be r(-2). Let c(l) = -1 - 10*l + 0*l + 0*l - 3*l. Let g be c(m). Calculate the highest common divisor of 11 and g.
11
Suppose 0 = x - 3*w - 26, 4*w + 15 = -3*x + 67. Calculate the highest common divisor of 140 and x.
20
Let c be (-30 - -4)/(2/3). Let g = c + 93. Suppose i + 2*i = g. Calculate the greatest common factor of i and 27.
9
Let y = 214 - 75. Suppose 3*w + 4*v + 29 = 4*w, -3*w - v = -y. What is the greatest common factor of w and 18?
9
Let u = -95 - -248. Let t be (17/(-2))/1*-2. What is the greatest common divisor of t and u?
17
Let y = 88 - 82. Calculate the greatest common divisor of y and 30.
6
Let l(t) = 27*t**3 - 2*t**2 - 2*t + 5. Let u be l(2). Calculate the greatest common divisor of 19 and u.
19
Suppose -12 - 12 = -4*f. Let z(d) = -d**2 + 5*d + 7. Let a be z(f). What is the greatest common divisor of a and 3?
1
Suppose -21 = -4*s + 99. What is the highest common factor of 10 and s?
10
Suppose -2*d = 5*m, 0*d + 3*d = 5*m - 25. Suppose 42 = m*v - 24. Calculate the greatest common divisor of 3 and v.
3
Let i(w) be the first derivative of -26*w**2 - 2*w + 1. Let n be i(3). Let o = n - -278. What is the highest common divisor of 15 and o?
15
Let b be (-192)/(-40) + (-2)/(-10). What is the greatest common factor of b and 55?
5
Suppose -34 = -n - 4*n - v, 5*n = 3*v + 18. Let i be (-8 + n)*(-13)/2. Calculate the highest common divisor of i and 39.
13
Let z = -6 + 5. Let b = 29 - z. Let f be (-46)/(-8) + (-1)/(-4). What is the highest common divisor of b and f?
6
Let a = 77 - 55. What is the greatest common factor of 22 and a?
22
Let y(p) be the third derivative of -7/24*p**4 + 1/60*p**5 + 0*p + p**2 + 7/6*p**3 + 0. Let q be y(7). Calculate the highest common divisor of 49 and q.
7
Suppose u - 2*a + 0*a - 100 = 0, -a = -3*u + 275. Calculate the greatest common factor of u and 36.
18
Suppose 65 = 5*p - 265. Suppose 15 = 3*k - 3. What is the highest common factor of k and p?
6
Suppose 2*v = 4*v + 6. Let g be v + (-4)/(8/(-102)). What is the greatest common factor of g and 12?
12
Suppose -f = 0, 2*b = -0*f + 2*f + 6. Suppose -17 = b*h + 3*q - 5, 5*q = 3*h + 4. Let g be (-13)/h*12/4. Calculate the highest common divisor of g and 117.
13
Let f(p) = -28*p + 2. Let u be f(-1). What is the highest common divisor of 30 and u?
30
Suppose -7*g + 161 = -154. What is the greatest common divisor of 9 and g?
9
Let b = -6 + 12. Suppose 4*k = b*r - 7*r + 63, -62 = -4*k - 2*r. Calculate the greatest common factor of 16 and k.
16
Let o be 5 + 1 + -2 + 0. What is the highest common factor of o and 108?
4
Suppose h - 38 = 2. Suppose -6*f + f = -15. Suppose -f*t = -2 - 13. What is the greatest common factor of h and t?
5
Let p = 19 - 10. Let n = -21 - -24. What is the greatest common factor of n and p?
3
Let q = 118 - 1. Let l be (-2)/8 - 53/(-4). What is the highest common factor of q and l?
13
Let r be -1 - (2 - 1) - -17. Suppose 2*n + 4*y = -10, 0*y = -3*n + y - 15. Let t = n + 15. Calculate the greatest common divisor of t and r.
5
Let g(r) = r**3 - 7*r**2 + r - 2. Let t be g(7). Suppose 0 = -t*v + 3*v + 52. Suppose h + 117 = 4*h. Calculate the greatest common factor of h and v.
13
Let j = -44 - -85. Suppose 3*g + j = 2*f, 0 + 26 = -2*g + f. Let p = g + 24. Calculate the highest common factor of p and 13.
13
Suppose 9*v + 65 = 14*v. Calculate the greatest common factor of v and 65.
13
Let r = -43 - -127. Calculate the greatest common factor of r and 12.
12
Let a = 37 + -1. Let g be (36/(-8))/(6/(-16)). What is the highest common factor of g and a?
12
Let w be (2/3)/(6/36). Suppose 3*s = -2*s. Let k = w + s. Calculate the highest common factor of 1 and k.
1
Suppose 0 = -2*i - 2*i + 3*l + 53, 4*i + l = 41. What is the highest common factor of i and 22?
11
Suppose 4*n - 9*n + 585 = 0. Calculate the greatest common divisor of n and 26.
13
Suppose q = -y + 6 - 0, 4*y = -3*q + 16. What is the greatest common divisor of 20 and q?
4
Suppose 0 = 4*m + 4, 0 = -10*p + 5*p - 2*m + 3. Let r = p - -4. Suppose q = r*q - 40. What is the greatest common divisor of 90 and q?
10
Suppose -4*o + 15 = o. Suppose o*u - 7 = b, 2*b + u + 12 = 5*u. Let i = -1 - b. Calculate the greatest common factor of 6 and i.
3
Let o(w) = -27*w**3 - 3*w**2 - w. Let t be o(-1). Calculate the highest common factor of t and 25.
25
Let o be ((-15)/25)/(-3) - (-138)/10. Calculate the highest common factor of o and 42.
14
Suppose 2*z - 6*z = -2*p - 24, -5*p + 18 = 3*z. Calculate the highest common factor of z and 2.
2
Let b(l) = -2*l + 13. Let y be b(3). Calculate the greatest common factor of y and 56.
7
Let k = -75 + 108. Calculate the highest common factor of k and 22.
11
Let c = 167 - 149. Calculate the greatest common divisor of c and 12.
6
Suppose 0 = 2*b + 103 - 119. What is the highest common factor of 12 and b?
4
Let n = -9 - -14. Let h = n - 7. Let v be h*3/(-3) - -6. Calculate the highest common factor of v and 24.
8
Suppose -2*d = -0*d - 8. Let o be (d - 4) + (-81)/(-3). Calculate the highest common factor of o and 27.
27
Let q(i) = i**3 + 5*i**2 + i - 2. Let m be q(-2). What is the highest common factor of m and 2?
2
Let d(f) = -f**3 - 5*f**2 + 7*f + 1. Let s be d(-6). Let v be (-22)/(-2) - (2 + 0). Let n = v + s. Calculate the highest common divisor of n and 8.
4
Let g = -130 - -234. Suppose -3*r = -5*r + g. What is the greatest common divisor of 78 and r?
26
Let o = 99 - 83. Calculate the highest common factor of 128 and o.
16
Let x(t) = -t**3 - 14*t**2 - 14*t - 6. Let l be x(-13). Let v(q) = 12*q + 1. Let f be v(4). What is the greatest common factor of f and l?
7
Let x(f) = f**3 - 5*f**2 - 4*f - 3. Let m be x(6). Let z = m - 0. Let i be (-4)/(-22) - 2960/(-55). What is the greatest common factor of z and i?
9
Let n be -12*((-13)/2 - 1). Let s be 5 + (-3 - -3 - 0). Suppose -3 + 2 = r, -4*w + s*r = -45. What is the highest common factor of n and w?
10
Let l = -7 + 3. Let h be (2/4)/(l/408). Let n = -34 - h. Calculate the greatest common factor of n and 85.
17
Let i(d) = -d**3 + 3*d**2 - 2. Let r be i(3). Let t = r + 16. Let y be ((-147)/(-4))/(3/8). What is the greatest common divisor of y and t?
14
Suppose 2*m + z - 17 = 0, m - z = -4*m + 32. Let w = 204 - 127. What is the highest common factor of m and w?
7
Let s(j) = -2*j + 2. Let d be s(6). Let v = d + 20. Calculate the highest common factor of 70 and v.
10
Let y = -44 + 26. Let a = 34 + y. What is the greatest common factor of 32 and a?
16
Let l(i) = 35*i + 1. Let m be l(1). Suppose -2*j - 2*z = 0, 18 = 5*j - 5*z - 22. Calculate the highest common factor of j and m.
4
Suppose -4*i + 2*i = -8. Suppose i*j = 9*j - 210. Calculate the greatest common factor of 6 and j.
6
Suppose -2*k + 6 + 0 = 0. What is the highest common factor of 15 and k?
3
Let g(i) = 3*i**2 - 9*i + 1. Let a be g(6). Suppose -9*q + 8*q = -10. Let k be (3/(-6))/((-1)/q). What is the highest common divisor of k and a?
5
Suppose -o + 9 = -3*i, -2*o - 4*i + 7 = i. Suppose -27 = 3*u - o*u. Calculate the greatest common divisor of u and 99.
9
Let g = 7 + -6. Suppose 0 = -4*x + 4*o + 52, x - g = 4*o - 0. What is the greatest common divisor of 17 and x?
17
Let x = -9 + 9. Let y(v) = v**2 + 2*v - 2. Let o be y(2). Let g = o + x. What is the highest common factor of g and 4?
2
Let z(n) = n**3 - 5*n**2 - 5*n - 3. Let m be z(6). Suppose -2*a = -q + 197, m*q - 3*a + 0*a - 576 = 0. Calculate the greatest common divisor of q and 17.
17
Let z = 31 - 23. Suppose 3*n + 2*m - 24 = 0, -3*n - 3*m + z = -2*n. What is the greatest common factor of n and 20?
4
Let n(l) be the first derivative of l**3/3 + 2*l**2 + 4*l + 10. Let y be n(-3). What is the highest common factor of 9 and y?
1
Suppose 4*i - 27 = 21. Suppose -h = -0*h - i. Calculate the greatest common divisor of h and 60.
12
Let j be (-2)/(-5) + (1 - 206/(-10)). Calculate the highest common divisor of j and 22.
22
Let k(a) = -a + 3. Let d be k(0). Let l be -1*(d + -1) + 18. What is the highest common factor of l and 80?
16
Let q = 2 + 15. Calculate the great